 divide 87603662?
False
Is 12 a factor of 16342495?
False
Does 7 divide 136572990?
False
Does 3107 divide 2391295970?
False
Does 60 divide 32080800?
True
Is 726391968 a multiple of 87?
False
Is 339 a factor of 14258340?
True
Is 16 a factor of 31253782?
False
Is 2716 a factor of 93659271?
False
Does 5 divide 47952639?
False
Is 20593277 a multiple of 2437?
False
Is 2702743762 a multiple of 230?
False
Is 16 a factor of 244833083?
False
Does 17 divide 69714037?
False
Does 81 divide 34485282?
False
Is 1796964864 a multiple of 24?
True
Is 82003316 a multiple of 361?
True
Is 303564196 even?
True
Is 53378536 a multiple of 74?
False
Is 22 a factor of 24098734?
True
Is 43 a factor of 395925510?
True
Is 3 a factor of 9344864?
False
Does 2543 divide 1811819675?
False
Is 866 a factor of 222502246?
True
Does 1473 divide 271055122?
False
Does 1702 divide 103317630?
False
Is 74 a factor of 32585752?
True
Is 98587056 a multiple of 6?
True
Is 102215797 a multiple of 19?
False
Does 3134 divide 2374046969?
False
Is 3821 a factor of 78173839?
True
Is 23231676 a multiple of 2020?
False
Is 23439983 a multiple of 7?
True
Is 1095719598 a multiple of 2529?
True
Is 21 a factor of 44573319?
True
Is 189 a factor of 109408249?
False
Is 834723960 a multiple of 57?
True
Is 230063872 a multiple of 47?
True
Is 24 a factor of 172869636?
False
Does 4491 divide 119868683?
False
Does 11 divide 26007255?
False
Is 1211368287 a multiple of 1074?
False
Is 44 a factor of 94835714?
False
Is 115 a factor of 15721123?
False
Is 55706744 a multiple of 14?
False
Is 297 a factor of 171307521?
True
Does 38 divide 243256705?
False
Is 13182070 a multiple of 110?
True
Does 92 divide 191636?
True
Is 1190 a factor of 72929150?
True
Is 20 a factor of 4508659?
False
Is 1909551989 a multiple of 15?
False
Is 2285 a factor of 1041716571?
False
Is 588102485 a multiple of 233?
True
Does 832 divide 206440677?
False
Does 231 divide 29450190?
True
Is 130761773 a multiple of 2058?
False
Is 164814014 a multiple of 63?
False
Does 2988 divide 532171764?
True
Is 9 a factor of 2898009?
True
Is 25429212 a multiple of 36?
True
Does 2563 divide 4333035?
False
Is 167 a factor of 560890417?
False
Does 10 divide 3651072?
False
Is 152524894 a multiple of 50?
False
Is 1205851 a multiple of 69?
False
Is 36 a factor of 3098448?
True
Is 1851062068 a multiple of 21?
False
Is 1378832 a multiple of 112?
True
Is 511195664 a multiple of 112?
True
Does 3358 divide 42391392?
True
Is 3544438716 a multiple of 364?
True
Is 8933898 a multiple of 6?
True
Does 41 divide 64340746?
False
Is 58 a factor of 102161162?
False
Is 25 a factor of 1719373598?
False
Does 5 divide 18305175?
True
Does 36 divide 3837604104?
True
Is 41576192 a multiple of 1071?
False
Is 62171028 a multiple of 11?
False
Is 125169871 a multiple of 57?
False
Is 928 a factor of 81025536?
True
Is 854 a factor of 450964020?
False
Does 223 divide 173213466?
True
Is 191037440 a multiple of 4?
True
Is 113719074 a multiple of 46?
False
Is 973 a factor of 240822207?
False
Is 19710372 a multiple of 6?
True
Is 228 a factor of 119377624?
False
Is 79878400 a multiple of 7?
True
Is 954 a factor of 20061666?
True
Does 4 divide 1220575912?
True
Is 93 a factor of 425530534?
False
Is 51 a factor of 11372455?
False
Does 2337 divide 3733015?
False
Does 190 divide 25011460?
False
Is 334749176 a multiple of 36?
False
Is 1649 a factor of 71386344?
False
Does 212 divide 25803580?
True
Is 1434177184 a multiple of 32?
True
Is 27 a factor of 38717300?
False
Does 21 divide 1031926371?
True
Does 1040 divide 177735688?
False
Does 23 divide 419586?
False
Is 640 a factor of 589345345?
False
Is 2847 a factor of 1686731256?
False
Is 12 a factor of 5857329672?
True
Is 1868556387 a multiple of 910?
False
Is 71532558 a multiple of 1096?
False
Is 50 a factor of 877727600?
True
Is 78 a factor of 15137148?
True
Does 15 divide 92059335?
True
Is 9 a factor of 3271228696?
False
Does 40 divide 9908904?
False
Is 12599703 a multiple of 57?
False
Is 417 a factor of 1157296812?
False
Does 2127 divide 2122110027?
True
Does 1406 divide 200545991?
False
Is 36 a factor of 441564410?
False
Is 1843 a factor of 206307263?
True
Is 14 a factor of 88081445?
False
Does 1779 divide 77602160?
False
Is 28549752 a multiple of 15?
False
Is 111215879 a multiple of 1033?
True
Is 263403360 a multiple of 2530?
True
Does 11 divide 275542179?
True
Does 252 divide 467626068?
True
Does 10 divide 189318580?
True
Does 234 divide 60478782?
False
Is 164380190 a multiple of 155?
False
Is 305867940 a multiple of 30?
True
Does 23 divide 94608821?
True
Is 124 a factor of 178279512?
True
Is 379 a factor of 20186677?
True
Does 50 divide 567247450?
True
Is 1949274693 a multiple of 4?
False
Is 8567 a multiple of 10?
False
Is 1217 a factor of 514030169?
False
Does 7135 divide 1080602885?
True
Is 62692298 a multiple of 26?
False
Is 730 a factor of 86559230?
False
Is 533 a factor of 16640260?
True
Is 44 a factor of 273140928?
False
Is 2158 a factor of 131497730?
True
Is 3 a factor of 17474511?
True
Is 8968110 a multiple of 32?
False
Is 53 a factor of 4446965?
True
Is 613 a factor of 43732033?
True
Is 641 a factor of 4056931?
False
Does 22 divide 637692?
True
Is 255 a factor of 20438947?
False
Is 1917831152 a multiple of 8?
True
Is 7 a factor of 19405333?
False
Does 18 divide 730655133?
False
Does 120 divide 33196999?
False
Does 136 divide 1107553672?
True
Is 31756140 a multiple of 1476?
True
Does 2409 divide 178215411?
True
Is 14437 a factor of 2378293632?
True
Is 173366643 a multiple of 1109?
True
Does 99 divide 38691180?
True
Is 387417716 a multiple of 1087?
False
Does 4 divide 108926?
False
Is 756 a factor of 96451298?
False
Is 19321710 a multiple of 455?
False
Is 1819470 a multiple of 13?
False
Does 139 divide 9714710?
True
Does 43 divide 121277703?
False
Does 11 divide 2445548072?
True
Does 10 divide 58264830?
True
Is 11425894 a multiple of 6?
False
Does 353 divide 56210291?
False
Does 925 divide 169312000?
True
Is 698 a factor of 6840400?
True
Is 22648280 a multiple of 377?
False
Is 2803768 a multiple of 151?
True
Does 113 divide 155466492?
False
Is 16673901 a multiple of 26?
False
Does 81 divide 177669606?
False
Is 32 a factor of 365843?
False
Does 18 divide 616925700?
True
Is 3576 a factor of 695164099?
False
Is 22 a factor of 13741631?
False
Is 188 a factor of 103234403?
False
Is 2109571125 a multiple of 25?
True
Does 21 divide 89981835?
False
Does 110 divide 1123627670?
True
Is 216 a factor of 21906504?
True
Is 69 a factor of 4813026?
True
Is 848499946 a multiple of 1426?
True
Is 54 a factor of 157883310?
True
Does 55 divide 926823?
False
Does 149 divide 21231060?
False
Is 183105018 a multiple of 2826?
True
Is 628 a factor of 147055068?
False
Does 5042 divide 1071475420?
True
Is 5290964 a multiple of 66?
False
Does 1244 divide 6115504?
True
Is 568 a factor of 183925059?
False
Is 380 a factor of 56389481?
False
Does 2779 divide 263643730?
True
Is 43 a factor of 693147791?
False
Is 8 a factor of 31884032?
True
Does 14 divide 3568055?
False
Does 2 divide 26820761?
False
Is 882 a factor of 933005885?
False
Is 152 a factor of 1019479272?
False
Does 171 divide 1826946558?
True
Is 13 a factor of 158637054?
False
Does 26 divide 12279749?
False
Does 862 divide 146170184?
False
Is 103838423 a multiple of 10?
False
Does 615 divide 8537127?
False
Does 26 divide 181085788?
True
Is 122898466 a multiple of 3?
False
Does 60 divide 108192420?
True
Does 27 divide 824593122?
True
Does 48 divide 31228920?
False
Is 226427851 a multiple of 10?
False
Is 744528203 a multiple of 7841?
False
Does 192 divide 555040971?
False
Does 283 divide 10546278?
True
Is 337 a factor of 2113214329?
False
Is 140 a factor of 11477900?
True
Is 78 a factor of 16890528?
False
Is 858273750 a multiple of 1396?
False
Is 14 a factor of 136497522?
True
Is 1737559476 a multiple of 29?
True
Does 184 divide 3344776656?
True
Is 4986763 a multiple of 36?
False
Is 11 a factor of 251014415?
False
Is 511825 even?
False
Is 393 a factor of 25810668?
True
Is 47 a factor of 13969998?
True
Is 23 a factor of 2738679?
True
Does 1481 divide 117880195?
True
Does 1623 divide 20704611?
True
Is 9207 a factor of 3502471698?
True
Is 98 a factor of 33654376?
True
Is 11607866 a multiple of 190?
False
Is 29398887 a